35 - 17) + 31 + -18 + 11 + -13.
-41
What is the value of (-76 - -3) + (-1 - -8) + 0 + (-8 - -8)?
-66
What is the value of -50 + -17 + 39 + -11 - -3?
-36
(-36 - (75 - 82)) + 73
44
-21 - 24 - (85 - (46 - 17))
-101
What is 58 + (-95 - -33) - (-1 + 64)?
-67
Evaluate (-152 + 37 - 14) + 90.
-39
-4 - ((0 - 27) + 4 + (-56 - -69))
6
Evaluate -87 + (30 - (31 + (-33 - -33))).
-88
What is 33 + 88 + -96 + -59?
-34
What is 1 + 8 + (-24 - -1 - (-836 + 813))?
9
What is the value of -15 + (-5 - -6) + (-1 - 13) + -20?
-48
10 - 23 - 12 - -7 - -15 - (45 - 2)
-46
What is the value of 28 + (-99 - -69) + 0?
-2
What is 40 + -2 + -17 + 12 + 7 + -5?
35
Calculate 60 + 54 + -135 + 30 + (2 - (-86 + -1)).
98
Calculate -23 + 38 - (-2 + 5 + 3) - (2 - 48).
55
Evaluate (4 + 14 - -2) + -54 + 16 + 27.
9
What is the value of 57 + (-49 - 15) - (4 + 1 + -3 + -41)?
32
What is the value of (5 - (-7 - -2) - 8) + 17 - (11 + -1)?
9
Calculate (5 - 3) + 33 + 1316 + -1339.
12
What is the value of 24 + -26 + -14 - (0 + 1 + 26)?
-43
Evaluate (7 - (5 + (-12 - -7))) + -2 - 14 - 10.
-19
What is the value of 59 + -53 + 6 - -16?
28
Evaluate (-94 - (-40 + -51)) + 1 + -1.
-3
29 - (86 + -4) - (-1 - -7 - (-7 + 18))
-48
-10 + -1 + (-37 - -13) - 22
-57
(-63 - (0 - 24) - -17) + -9 + -2
-33
What is (-33 - 0) + 42 + -19 + 18?
8
Calculate 0 + 1 + 1 + -10 - (22 - 46).
16
Calculate 5 + 29 + 0 + (2365 - 2334).
65
What is -20 + 26 + 2 - (1 + 23 - -1)?
-17
What is the value of (-5 - -41 - 5) + 13 - ((-6 - -3) + 11)?
36
-1 - -87 - (-39 + (71 - 42) + 23) - 13
60
What is 15 + (117 - 110 - (24 + 1)) + -135?
-138
What is the value of 53 + 0 + (11 - 2) + (-8 - (8 - 17))?
63
What is the value of 5 + (1 - 27) + (-199 - -179)?
-41
Evaluate -54 - (-18 + -18 + 35 - (5 - -2)).
-46
What is 46 - (-74 - -57) - -2?
65
Evaluate 3 - (-11 + 10 - 0 - -6) - -24.
22
What is -96 + 118 + -170 + 91?
-57
-4 - ((0 - 2) + 1) - (3965 - 3925)
-43
Evaluate (-1 - -17) + 25 + -93.
-52
What is the value of (14 - 18 - -11 - (22 - 0)) + -5 + 5?
-15
Calculate -109 + 111 + (-1 - (3 + 0)).
-2
Evaluate 32 - (10 + 1 - (91 - 55)).
57
53 + -5 + (-2 - 0) + (-83 - -76)
39
60 + 12 + 8 + 2 + 15
97
Evaluate 35 + 6 + (-28 - 5).
8
What is the value of (16 - (-9 - -24) - -20) + -44?
-23
-55 - (-12 - (6 + 1 - 7))
-43
What is -13 - (-12 + (1 - 15 - (87 + -114)) + 99)?
-113
Calculate 206 + -159 + 98 - 88.
57
Evaluate (-3 + -18 - -33) + -17 + -13.
-18
What is 13 + (45 - 99) + 107?
66
What is 3 - 1 - (1 + -3) - (4780 - 4788)?
12
Calculate -2 + 1 - (-35 + 65 - 67).
36
Evaluate (39 - -1) + (11 + 12 - (-20 - -41)).
42
-16 + -11 - (27 + -22)
-32
Evaluate (22 - 13 - 38) + (-1 - 10) + -5.
-45
70 + (-128 - (33 + -104))
13
What is the value of 7 + (5 - (-5 - -15 - 8)) - -31?
41
What is the value of 16 - 10 - 13 - 33?
-40
Evaluate (-7 - -12) + 11 + (-10 - (2 + -4)) + 3.
11
175 + -161 + (-1 - -6) - -79
98
Calculate 2 + 11 + (2 - 7 - (-40 - -29 - -27)).
-8
What is the value of -89 + 72 + 49 + -33?
-1
What is the value of (-48 - -45) + 61 + -5?
53
-5 + 3 + 34 - (703 + -650)
-21
What is 7 + -9 + (0 - -24) + -11 - 42?
-31
What is (11 - ((-7 - -11) + 32)) + (18 - 8)?
-15
What is (28 - -54 - 191) + 178?
69
Evaluate (-247 - -352) + -204 + 29.
-70
Evaluate -16 - 51 - (25 + -31 + 6).
-67
What is (806 - 874) + (30 - 0)?
-38
Calculate -10 - 3 - (107 - 109) - -16 - -15.
20
What is the value of 988 + -1002 - (1 - 59)?
44
What is the value of -9 + (45 - ((1 - 6) + 12 - (7 - -10)))?
46
What is 1 + 6 - ((-22 + 44 - 6) + -40)?
31
Calculate -3633 - -3705 - (114 + -1).
-41
-19 - (7 - (-6 + -19 + 15)) - -6
-30
Evaluate 19 + 99 + 38 + -100 + 32.
88
Evaluate 31 + -28 + (-22 - 7).
-26
What is the value of (-13 - -31 - 11) + -12 - -2?
-3
Evaluate 74 + (9 - (46 - -15 - 27)).
49
Calculate 75 + (23 - (13 + 55)).
30
-21 + 40 + 10 - (-3 + 5 + -2)
29
Evaluate -66 - -101 - (19 + (9 - 5)).
12
9 + 14 + -39 + -14 - -92
62
Calculate (10 - (44 + -10)) + (-6 - (1 + 11)).
-42
Evaluate 8 + 27 + -45 + 7 + 29 + -1.
25
(-50 - 0) + (164 - 159) + 3
-42
17 + (45 - (21 - -9))
32
Calculate -29 + 21 - (50 + -69).
11
What is the value of -49 + 0 + (-30 + 61 - 26) - (-2 - -3)?
-45
What is -28 + (63 - 23) + -46?
-34
What is the value of (1 - -92 - 6) + 58 + -53 - (8 - -2)?
82
Evaluate -1 - ((-4 - 2) + (25 - (-26 + 56))).
10
What is 37 - (-20 - -46) - 4?
7
2 - 23 - (-10 - (-52 - -52)) - 70
-81
What is (5 - (7 + -24 + 10)) + (0 + -1 - -99)?
110
What is the value of 14 + 54 - 170 - (-1 - 27)?
-74
What is -26 + (-14 - -73) + -24 + 1 + -31?
-21
Evaluate 98 + 2 + -70 + 155 + -101.
84
Calculate (-10 - -2) + 14 - (-15 - (-73 + 20)).
-32
What is the value of 0 - -3 - -2 - ((32 - 18) + -51 + 2)?
40
What is the value of -41 - (-14 + 11 - (51 + -71 + (13 - 1)))?
-46
What is the value of 4 - (-38 + -17 - -57)?
2
What is the value of (132 - (134 - 73)) + 52?
123
-15 + -14 - 5 - (-22 + -1)
-11
What is 309 - 321 - (-7 + 13 - 17)?
-1
Calculate ((1 - -1) + -5 - 4) + (-73 - -70) + 28.
18
What is (-1755 - -1685) + 0 + 96?
26
Calculate 149 + -63 + -101 - -106.
91
What is 22 - (-7 + -60 + 21 + -26 + 18)?
76
What is the value of 4 + (17 - (13 + -4)) - (60 - (-5 - 6))?
-59
(12 - -1 - (144 + -169)) + 6
44
What is (-4 - (-38 + 17) - 14) + 15 - 41?
-23
What is (22 - 175 - -6) + 45 + -14?
-116
-60 + (20 - (8 + (9 + 1 - 22)))
-36
What is (60 - 110) + -11 + -7 + 21 + -13 + -1?
-61
What is (-37 - (-40 + 38)) + 56 + -40?
-19
What is the value of 19 + 36 + -36 - 67?
-48
30 + (-34 - (-49 - -56) - -13)
2
Calculate -64 - ((121 - 108) + -3 + 2).
-76
Evaluate (-1 - 23) + -1701 + 1723.
-2
Calculate (-4 + (-4 - -3) - (1 - -10)) + -120 + 110.
-26
Evaluate 181 + -89 + -99 + (0 - -1) + -3.
-9
Calculate 1 + -15 - (-3379 + 3339).
26
Calculate -39 - ((-1 - (-1 - 3 - -6)) + (-212 - -218)).
-42
(-52 + (22 - -43) - -44) + (-1 - 12)
44
Calculate -96 + 0 - (10 + -37 + 22) - 5.
-96
What is the value of (57 + -82 - 34) + 1?
-58
What is (8 - -7) + (2 + 30 - (-393 + 536))?
-96
Evaluate -55 + 63 + -25 + -3.
-20
Calculate (-5 - -1) + -11 + 9 + 47 - (-30 + 29).
42
Evaluate -1 + -8 - (5 - (-4 + -16)).
-34
Calculate (240 - 248) + (0 - 2) + 11 + 2.
3
-378 + 372 + 0 + 48
42
Calculate -8 + (27 - 31) + -31.
-43
Calculate 9 + -99 + 18 - (0 + 1 - 2).
-71
What is 75 + -81 + (9 - (5 - 1)) - 90?
-91
32 + 48 + -152 - 51
-123
Calculate 17 + (-84 - -70) + -1 + (21 - -1) + 1.
25
What is (40 - 0) + (8 - 18) + (20 - 12)?
38
What is -104 - (146 + 5 + -348)?
93
Evaluate 0 + -2 + (12 - (-48 - -26 - 11)).
43
What is the value of 39 + (121 - 129) + 64?
95
Calculate (-43 - (29 - 115) - 75) + 134.
102
What is -4 - (-76 - (-67 + 34))?
39
What is -1 - 22 - (96 + (-23 - -21) + -9)?
-108
Calculate (85 + -97 - 50) + 28.
-34
What is the value of (0 - 5 - (-471 - -441)) + 4?
29
What is 15 - (-20 + -32 + -9 + -12 + 4)?
84
(-20 - (-76 + 104)) + 3
-45
Calculate -38 - (-2 + 4 - 3 - (-5 - (4 - 3))).
-43
Calculate 125 + -132 + (-3 - -7) + 36.
33
What is the value of 17 - 3 - (51 + (10 - (1 - 13)) + -20)?
-39
Evaluate 17 + -24 + -6 + 32 + -17.
2
(-1 - 11) + (-2 - -30) + (-3 - -10) - -7
30
Evaluate -13 + 12 + 6 + -2 + 49 + (16 - 15).
53
What is -48 - (36 - (12 - -5))?
-67
30 + 10 + -36 + -2
2
Evaluate 35 + -5 + 3 + -2 + 21 + 25 + -38.
39
Evaluate -21 - (8 - (-10 - ((14 - 16) + -5))).
-32
Evaluate 31 + (22 + -79 - 13).
-39
Evaluate (-16 + 22 - 60 - -28) + (9 - 7).
-24
Evaluate 28 + (44 - 36) + -32 + -66 + 0.
-62
Calculate -56 - -44 - -4 - 27.
-35
What is the value of (-13 + 4 - 5) + 12 + (-2 - -4)?
0
-68 + (-68 - 52) - -96
-92
What is the value of -25138 + 25121 - (0 - (-49 + 1))?
-65
What is -49 - (136 + -193) - (0 + 5)?
3
Evaluate 128 + 18 + -66 + -24.
56
107 - (245 - 124 - -11)
-25
What is the value of -78 + 81 + 35 - 8?
30
What is the value of (116 - 53) + (13 - 8 - -8)?
76
Calculate -11 + 289 + -267 + -2 + 1.
10
Calculate -1 + 8 + (10 + -2 - (-7 + -58 + 37)).
43
What is the value of 3 - (44 + (-2 - -11 - 1) + -79 + 61)?
-31
1 + -17 + (-8 - (11 - 23)) + 5
-7
What is the value of (32 - (-15 - -26)) + -18 - (2 + -27)?
28
Evaluate (1 - 2) + -18 + 7 + 16.
4
Calculate 3 - (-40 + (-30 - -4) + 68 + -56).
57
Calculate 37 + (29 - -51) + 14 - 35.
96
0 + -1 - 8 - (9 + (15 - -3))
-36
What is the value of ((-19 - -55) + -7 - 19) + -18 + 82?
74
What is -97 - (50 - (239 + -38))?
54
Evaluate -125 + 138 + -5 + (-8 - -65) - -20.
8